{"id":6836,"date":"2023-10-10T15:59:23","date_gmt":"2023-10-10T15:59:23","guid":{"rendered":"https:\/\/leurellas.com\/?post_type=product&#038;p=6836"},"modified":"2023-10-10T15:59:23","modified_gmt":"2023-10-10T15:59:23","slug":"cerave-crema-cuerpo","status":"publish","type":"product","link":"https:\/\/leurellas.com\/index.php\/product\/cerave-crema-cuerpo\/","title":{"rendered":"Cerave Crema Cuerpo"},"content":{"rendered":"<h3>Cerave Crema Cuerpo<\/h3>\n<p>La Crema Hidratante de CeraVe, desarrollada por dermat\u00f3logos, ofrece una respuesta id\u00f3nea para aquellas pieles sensibles y secas que buscan una hidrataci\u00f3n profunda y duradera. Referente en las pieles m\u00e1s delicadas.<\/p>\n","protected":false},"excerpt":{"rendered":"<h3>Cerave Crema Cuerpo<\/h3>\n<p>Desarrollado con dermat\u00f3logos, CeraVe est\u00e1 dise\u00f1ado para ayudar a reparar y fortalecer la barrera de la piel haciendo que \u00e9sta&nbsp;se mantenga suave y con aspecto saludable.<\/p>\n","protected":false},"featured_media":6837,"comment_status":"open","ping_status":"closed","template":"","meta":[],"pwb-brand":[171],"product_cat":[135],"product_tag":[],"brands":[{"id":171,"name":"Cerave","slug":"cerave"}],"_links":{"self":[{"href":"https:\/\/leurellas.com\/index.php\/wp-json\/wp\/v2\/product\/6836"}],"collection":[{"href":"https:\/\/leurellas.com\/index.php\/wp-json\/wp\/v2\/product"}],"about":[{"href":"https:\/\/leurellas.com\/index.php\/wp-json\/wp\/v2\/types\/product"}],"replies":[{"embeddable":true,"href":"https:\/\/leurellas.com\/index.php\/wp-json\/wp\/v2\/comments?post=6836"}],"wp:featuredmedia":[{"embeddable":true,"href":"https:\/\/leurellas.com\/index.php\/wp-json\/wp\/v2\/media\/6837"}],"wp:attachment":[{"href":"https:\/\/leurellas.com\/index.php\/wp-json\/wp\/v2\/media?parent=6836"}],"wp:term":[{"taxonomy":"pwb-brand","embeddable":true,"href":"https:\/\/leurellas.com\/index.php\/wp-json\/wp\/v2\/pwb-brand?post=6836"},{"taxonomy":"product_cat","embeddable":true,"href":"https:\/\/leurellas.com\/index.php\/wp-json\/wp\/v2\/product_cat?post=6836"},{"taxonomy":"product_tag","embeddable":true,"href":"https:\/\/leurellas.com\/index.php\/wp-json\/wp\/v2\/product_tag?post=6836"}],"curies":[{"name":"wp","href":"https:\/\/api.w.org\/{rel}","templated":true}]}}