{"id":6832,"date":"2023-10-10T15:47:42","date_gmt":"2023-10-10T15:47:42","guid":{"rendered":"https:\/\/leurellas.com\/?post_type=product&#038;p=6832"},"modified":"2023-10-10T15:47:42","modified_gmt":"2023-10-10T15:47:42","slug":"bronzer-sally-hansen","status":"publish","type":"product","link":"https:\/\/leurellas.com\/index.php\/product\/bronzer-sally-hansen\/","title":{"rendered":"Bronzer Sally Hansen"},"content":{"rendered":"<h3>Bronzer Sally Hansen<\/h3>\n<p class=\"paragraph hero__text hero-full-block-quarter__text\"><span>Se mantiene fresco y con un aspecto natural durante todo el d\u00eda Cubre pecas, venas e imperfecciones. Ayuda a estimular la microcirculaci\u00f3n para que las piernas y los pies se vean m\u00e1s sanos y firmes Resistente al agua y a la transferencia Ahora puedes darle un cambio de imagen a tus piernas en solo segundos. No hay sol. No hay sal\u00f3n. Sin rayas. Solo piernas impecables, irresistibles y sexys. Este maquillaje ligero para piernas, enriquecido con extracto de palmaria, mejora la cobertura de pecas, venas e imperfecciones. Es resistente al agua y a la transferencia. Las piernas desnudas son agradables. Las patas de aer\u00f3grafo son irresistibles. Encuentre Airbrush Legs en la secci\u00f3n Sally Hansen en su distribuidor local. <\/span><\/p>\n","protected":false},"excerpt":{"rendered":"<h3>Bronzer Sally Hansen<\/h3>\n<p>\u00a1Roc\u00eda sobre piernas perfectas en un instante!<\/p>\n","protected":false},"featured_media":6833,"comment_status":"open","ping_status":"closed","template":"","meta":[],"pwb-brand":[156],"product_cat":[135],"product_tag":[],"brands":[{"id":156,"name":"Sally Hamsen","slug":"sally-hamsen"}],"_links":{"self":[{"href":"https:\/\/leurellas.com\/index.php\/wp-json\/wp\/v2\/product\/6832"}],"collection":[{"href":"https:\/\/leurellas.com\/index.php\/wp-json\/wp\/v2\/product"}],"about":[{"href":"https:\/\/leurellas.com\/index.php\/wp-json\/wp\/v2\/types\/product"}],"replies":[{"embeddable":true,"href":"https:\/\/leurellas.com\/index.php\/wp-json\/wp\/v2\/comments?post=6832"}],"wp:featuredmedia":[{"embeddable":true,"href":"https:\/\/leurellas.com\/index.php\/wp-json\/wp\/v2\/media\/6833"}],"wp:attachment":[{"href":"https:\/\/leurellas.com\/index.php\/wp-json\/wp\/v2\/media?parent=6832"}],"wp:term":[{"taxonomy":"pwb-brand","embeddable":true,"href":"https:\/\/leurellas.com\/index.php\/wp-json\/wp\/v2\/pwb-brand?post=6832"},{"taxonomy":"product_cat","embeddable":true,"href":"https:\/\/leurellas.com\/index.php\/wp-json\/wp\/v2\/product_cat?post=6832"},{"taxonomy":"product_tag","embeddable":true,"href":"https:\/\/leurellas.com\/index.php\/wp-json\/wp\/v2\/product_tag?post=6832"}],"curies":[{"name":"wp","href":"https:\/\/api.w.org\/{rel}","templated":true}]}}