{"id":6818,"date":"2023-10-10T15:10:56","date_gmt":"2023-10-10T15:10:56","guid":{"rendered":"https:\/\/leurellas.com\/?post_type=product&#038;p=6818"},"modified":"2023-10-10T15:12:05","modified_gmt":"2023-10-10T15:12:05","slug":"set-mua-life-morphe","status":"publish","type":"product","link":"https:\/\/leurellas.com\/index.php\/product\/set-mua-life-morphe\/","title":{"rendered":"Set Mua Life Morphe"},"content":{"rendered":"<h3 class=\"pdpHeading\" aria-hidden=\"true\">MUA Life Juego De 20 Brochas Para Rostro Y Ojos<\/h3>\n<p><strong>LA COLECCI\u00d3N MUA LIFE BRUSH SET INCLUYE:<\/strong><\/p>\n<ol>\n<li><strong>Pincel redondo de lujo para difuminar&nbsp;<\/strong>(sint\u00e9tico): Para un look que se ha arrebatado, toma esta licuadora todo en uno y olv\u00eddate de las l\u00edneas duras.<\/li>\n<li><strong>Brocha para base de maquillaje gran angular<\/strong>&nbsp;(sint\u00e9tica): La base, el bronceador y el contorno han encontrado su pareja: esta brocha puede encontrar hasta el \u00faltimo punto de tu rostro y difuminar a la perfecci\u00f3n.<\/li>\n<li><strong>Brocha para polvos puntiaguda de precisi\u00f3n<\/strong>&nbsp;(sint\u00e9tica): El polvo puede ser desordenado, pero esta brocha lo mantiene limpio con una difusi\u00f3n precisa que permanece en su carril.<\/li>\n<li><strong>Pincel de contorno en \u00e1ngulo&nbsp;<\/strong>(sint\u00e9tico): Hecho para abrazar las l\u00edneas de la mand\u00edbula, adaptarse a las curvas y difuminar el contorno perfecto, este cepillo es un verdadero paseo o muerte.<\/li>\n<li><strong>Brocha de bala debajo de los ojos<\/strong>&nbsp;(sint\u00e9tica): Consigue un corrector de ojos impecable y una mezcla detallada que te ayudar\u00e1 a disimular esas trasnochadas.<\/li>\n<li><strong>Pincel definidor de reflejos&nbsp;<\/strong>(sint\u00e9tico): Resplandece, nena: este pincel mantendr\u00e1 su resaltado exactamente donde se supone que debe estar.<\/li>\n<li><strong>Pincel difuminador redondo grande<\/strong>&nbsp;(sint\u00e9tico): Mu\u00e9strales los tonos a cargo con sombras perfectamente mezcladas y resalta que es como un sue\u00f1o hecho realidad.<\/li>\n<li><strong>Pincel difuminador redondo<\/strong>&nbsp;(sint\u00e9tico): este peque\u00f1o pincel denso recoge el pigmento como nadie y luego lo deja con precisi\u00f3n experta.<\/li>\n<li><strong>Pincel difuminador<\/strong>&nbsp;c\u00f3nico (sint\u00e9tico): Entra en los detalles con este pincel c\u00f3nico que trabaja el pliegue para transiciones suaves.<\/li>\n<li>Pincel de precisi\u00f3n para pliegues de&nbsp;<strong>l\u00e1piz<\/strong>&nbsp;(sint\u00e9tico): Este es para las esquinas, los pliegues y las \u00e1reas tan peque\u00f1as que otros pinceles simplemente no pueden alcanzar.<\/li>\n<li><strong>Brocha difuminadora redonda Pro<\/strong>&nbsp;(sint\u00e9tica): Aplica el pigmento o difum\u00ednalo con esta brocha suave y abovedada que puede unir luces y sombras.<\/li>\n<li>Pincel de sombra ovalado (sint\u00e9tico): Emp\u00e1calo con un pincel&nbsp;<strong>ovalado<\/strong>&nbsp;que est\u00e1 dise\u00f1ado para aplicar capas de pigmento para obtener un color m\u00e1s grande que la vida.<\/li>\n<li><strong>Brocha de corrector en \u00e1ngulo<\/strong>&nbsp;(sint\u00e9tica): \u00bfImperfecciones? No los conozco. Esta brocha correctora tiene un borde en \u00e1ngulo que es perfecto para difuminar en f\u00f3rmulas en crema para crear un acabado impecable.<\/li>\n<li><strong>Brocha puntiaguda de lujo para difuminar<\/strong>&nbsp;(sint\u00e9tica): Encuentra tu destello con esta brocha larga y esponjosa para obtener un color suavemente difuminado y degradados espectaculares.<\/li>\n<li><strong>Pincel difuminador redondo de detalle<\/strong>&nbsp;(sint\u00e9tico): Pule el pliegue sin importar la forma de tus ojos con este genio difusor ligeramente c\u00f3nico.<\/li>\n<li><strong>Brocha para sombras<\/strong>&nbsp;firme (sint\u00e9tica): Dale la bienvenida al brillo: a esta brocha firme le encanta todo lo brillante y lo envuelve bien.<\/li>\n<li>Pincel para difuminar (sint\u00e9tico): Donde hay humo, el aspecto es fuego, y afortunadamente este&nbsp;<strong>difuminador<\/strong>&nbsp;est\u00e1 dise\u00f1ado para apagarlo.<\/li>\n<li><strong>Pincel delineador angular\/<\/strong>cepillo en espiral (sint\u00e9tico): las cejas dignas de Instagram son f\u00e1ciles con este cepillo de jefe dos en uno que brinda l\u00edneas definidas y una forma esculpida.<\/li>\n<li><strong>Pincel delineador<\/strong>&nbsp;de detalles (sint\u00e9tico): G\u00e1nate tus alas con este pincel de detalles inspirado en artistas para l\u00edneas h\u00e1biles en todo momento. Soltero. Hora.<\/li>\n<li><strong>Brocha de sombra<\/strong>&nbsp;ovalada mediana (sint\u00e9tica): Para un color completo o una l\u00ednea de pesta\u00f1as inferiores ahumada, toma el pincel ovalado esencial de este artista.<br \/>\n&nbsp;<\/li>\n<li><strong>Caso de cartera<\/strong><\/li>\n<\/ol>\n","protected":false},"excerpt":{"rendered":"<h3 class=\"pdpHeading\" aria-hidden=\"true\">MUA Life Juego De 20 Brochas Para Rostro Y Ojos<\/h3>\n<p>Difumina, pule y barre a tu propio ritmo con la colecci\u00f3n de 20 pinceles para ojos y rostro de MUA Life. Ll\u00e9valos o col\u00f3calos, un pr\u00e1ctico estuche de portafolio facilita el arte dondequiera que vayas. Y con este set de pinceles para la cara y los ojos a tu lado, no hay l\u00edmites, solo infinitas formas de explorar tu creatividad. As\u00ed que adelante, Morphe Babe, mu\u00e9stranos lo que tienes.<\/p>\n","protected":false},"featured_media":6821,"comment_status":"open","ping_status":"closed","template":"","meta":[],"pwb-brand":[128],"product_cat":[117],"product_tag":[],"brands":[{"id":128,"name":"Morphe","slug":"morphe"}],"_links":{"self":[{"href":"https:\/\/leurellas.com\/index.php\/wp-json\/wp\/v2\/product\/6818"}],"collection":[{"href":"https:\/\/leurellas.com\/index.php\/wp-json\/wp\/v2\/product"}],"about":[{"href":"https:\/\/leurellas.com\/index.php\/wp-json\/wp\/v2\/types\/product"}],"replies":[{"embeddable":true,"href":"https:\/\/leurellas.com\/index.php\/wp-json\/wp\/v2\/comments?post=6818"}],"wp:featuredmedia":[{"embeddable":true,"href":"https:\/\/leurellas.com\/index.php\/wp-json\/wp\/v2\/media\/6821"}],"wp:attachment":[{"href":"https:\/\/leurellas.com\/index.php\/wp-json\/wp\/v2\/media?parent=6818"}],"wp:term":[{"taxonomy":"pwb-brand","embeddable":true,"href":"https:\/\/leurellas.com\/index.php\/wp-json\/wp\/v2\/pwb-brand?post=6818"},{"taxonomy":"product_cat","embeddable":true,"href":"https:\/\/leurellas.com\/index.php\/wp-json\/wp\/v2\/product_cat?post=6818"},{"taxonomy":"product_tag","embeddable":true,"href":"https:\/\/leurellas.com\/index.php\/wp-json\/wp\/v2\/product_tag?post=6818"}],"curies":[{"name":"wp","href":"https:\/\/api.w.org\/{rel}","templated":true}]}}