{"id":6736,"date":"2023-10-09T19:18:05","date_gmt":"2023-10-09T19:18:05","guid":{"rendered":"https:\/\/leurellas.com\/?post_type=product&#038;p=6736"},"modified":"2023-10-09T19:18:05","modified_gmt":"2023-10-09T19:18:05","slug":"small-angle-brush","status":"publish","type":"product","link":"https:\/\/leurellas.com\/index.php\/product\/small-angle-brush\/","title":{"rendered":"Small Angle Brush"},"content":{"rendered":"<h3>Small Angle Brush<\/h3>\n<div class=\"product-overview--description js-product-overview-desc\"><span>Un pincel ultraplano y angulado para delinear o dar forma a los ojos o las cejas. El M\u00b7A\u00b7 C 263S Brush aplica l\u00edneas finas de cualquier f\u00f3rmula de color de ojos a lo largo de las l\u00edneas de las pesta\u00f1as o las cejas. Fabricado en fibras sint\u00e9ticas firmes que proporcionan un gran control y precisi\u00f3n. Desl\u00edzate por las l\u00edneas de las pesta\u00f1as para una aplicaci\u00f3n controlada del delineador.<\/span><\/div>\n","protected":false},"excerpt":{"rendered":"<h3>Small Angle Brush<\/h3>\n<p>Un peque\u00f1o pincel en \u00e1ngulo para delinear o dar forma a los ojos o las cejas y distribuir firmemente el color.<\/p>\n","protected":false},"featured_media":6737,"comment_status":"open","ping_status":"closed","template":"","meta":[],"pwb-brand":[158],"product_cat":[117],"product_tag":[],"brands":[{"id":158,"name":"M\u00b7A\u00b7 C","slug":"m%c2%b7a%c2%b7-c"}],"_links":{"self":[{"href":"https:\/\/leurellas.com\/index.php\/wp-json\/wp\/v2\/product\/6736"}],"collection":[{"href":"https:\/\/leurellas.com\/index.php\/wp-json\/wp\/v2\/product"}],"about":[{"href":"https:\/\/leurellas.com\/index.php\/wp-json\/wp\/v2\/types\/product"}],"replies":[{"embeddable":true,"href":"https:\/\/leurellas.com\/index.php\/wp-json\/wp\/v2\/comments?post=6736"}],"wp:featuredmedia":[{"embeddable":true,"href":"https:\/\/leurellas.com\/index.php\/wp-json\/wp\/v2\/media\/6737"}],"wp:attachment":[{"href":"https:\/\/leurellas.com\/index.php\/wp-json\/wp\/v2\/media?parent=6736"}],"wp:term":[{"taxonomy":"pwb-brand","embeddable":true,"href":"https:\/\/leurellas.com\/index.php\/wp-json\/wp\/v2\/pwb-brand?post=6736"},{"taxonomy":"product_cat","embeddable":true,"href":"https:\/\/leurellas.com\/index.php\/wp-json\/wp\/v2\/product_cat?post=6736"},{"taxonomy":"product_tag","embeddable":true,"href":"https:\/\/leurellas.com\/index.php\/wp-json\/wp\/v2\/product_tag?post=6736"}],"curies":[{"name":"wp","href":"https:\/\/api.w.org\/{rel}","templated":true}]}}