{"id":6705,"date":"2023-10-09T02:11:29","date_gmt":"2023-10-09T02:11:29","guid":{"rendered":"https:\/\/leurellas.com\/?post_type=product&#038;p=6705"},"modified":"2023-10-09T02:14:04","modified_gmt":"2023-10-09T02:14:04","slug":"niacinamide-ordinary","status":"publish","type":"product","link":"https:\/\/leurellas.com\/index.php\/product\/niacinamide-ordinary\/","title":{"rendered":"Niacinamide Ordinary"},"content":{"rendered":"<h3>Niacinamide Ordinary<\/h3>\n<p>Nuestra f\u00f3rmula Niacinamida 10% + Zinc 1% es un s\u00e9rum a base de agua que aumenta la luminosidad de la piel, mejora la suavidad de la piel y refuerza la barrera cut\u00e1nea con el tiempo. Contiene una alta concentraci\u00f3n del 10% de Niacinamida (vitamina b3) y zinc PCA.<\/p>\n<p>Nota: La niacinamida y el zinc PCA no son un tratamiento para el acn\u00e9. Para las afecciones persistentes relacionadas con el acn\u00e9, le recomendamos que hable con su proveedor de atenci\u00f3n m\u00e9dica sobre las opciones de tratamiento. Esta formulaci\u00f3n se puede utilizar junto con los tratamientos para el acn\u00e9 si se desea para obtener beneficios visibles adicionales para la piel.<\/p>\n<p><strong>Resultados cl\u00ednicos<\/strong><\/p>\n<ul>\n<li>S\u00e9rum ligero hidratante que mejora el aspecto de la luminosidad y luminosidad de la piel.<\/li>\n<li>Hidrata la piel reforzando la barrera cut\u00e1nea en tan solo 7 d\u00edas.<\/li>\n<li>Consigue una piel m\u00e1s suave despu\u00e9s de 8 semanas.*<\/li>\n<\/ul>\n<p>*En un estudio cl\u00ednico de 35 sujetos que aplicaron el producto&#8230;<\/p>\n<div style=\"width: 640px;\" class=\"wp-video\"><!--[if lt IE 9]><script>document.createElement('video');<\/script><![endif]-->\n<video class=\"wp-video-shortcode\" id=\"video-6705-1\" width=\"640\" height=\"360\" preload=\"metadata\" controls=\"controls\"><source type=\"video\/mp4\" src=\"https:\/\/publicfiles10em.blob.core.windows.net\/cdn\/Videos\/TheOrdinary\/PDP%20Videos\/rdn-niacinamide-10pct-zinc-1pct-2022.mp4?_=1\" \/><a href=\"https:\/\/publicfiles10em.blob.core.windows.net\/cdn\/Videos\/TheOrdinary\/PDP%20Videos\/rdn-niacinamide-10pct-zinc-1pct-2022.mp4\">https:\/\/publicfiles10em.blob.core.windows.net\/cdn\/Videos\/TheOrdinary\/PDP%20Videos\/rdn-niacinamide-10pct-zinc-1pct-2022.mp4<\/a><\/video><\/div>\n","protected":false},"excerpt":{"rendered":"<h3 class=\"product-name\" style=\"text-align: center;\">Niacinamide 10% + Zinc 1%<\/h3>\n<p style=\"text-align: center;\">Un s\u00e9rum universal para pieles propensas a las imperfecciones que suaviza, ilumina y apoya<\/p>\n<p>&nbsp;<\/p>\n","protected":false},"featured_media":6706,"comment_status":"open","ping_status":"closed","template":"","meta":[],"pwb-brand":[155],"product_cat":[118],"product_tag":[],"brands":[{"id":155,"name":"Ordinary","slug":"ordinary"}],"_links":{"self":[{"href":"https:\/\/leurellas.com\/index.php\/wp-json\/wp\/v2\/product\/6705"}],"collection":[{"href":"https:\/\/leurellas.com\/index.php\/wp-json\/wp\/v2\/product"}],"about":[{"href":"https:\/\/leurellas.com\/index.php\/wp-json\/wp\/v2\/types\/product"}],"replies":[{"embeddable":true,"href":"https:\/\/leurellas.com\/index.php\/wp-json\/wp\/v2\/comments?post=6705"}],"wp:featuredmedia":[{"embeddable":true,"href":"https:\/\/leurellas.com\/index.php\/wp-json\/wp\/v2\/media\/6706"}],"wp:attachment":[{"href":"https:\/\/leurellas.com\/index.php\/wp-json\/wp\/v2\/media?parent=6705"}],"wp:term":[{"taxonomy":"pwb-brand","embeddable":true,"href":"https:\/\/leurellas.com\/index.php\/wp-json\/wp\/v2\/pwb-brand?post=6705"},{"taxonomy":"product_cat","embeddable":true,"href":"https:\/\/leurellas.com\/index.php\/wp-json\/wp\/v2\/product_cat?post=6705"},{"taxonomy":"product_tag","embeddable":true,"href":"https:\/\/leurellas.com\/index.php\/wp-json\/wp\/v2\/product_tag?post=6705"}],"curies":[{"name":"wp","href":"https:\/\/api.w.org\/{rel}","templated":true}]}}