{"id":6686,"date":"2023-10-08T22:35:18","date_gmt":"2023-10-08T22:35:18","guid":{"rendered":"https:\/\/leurellas.com\/?post_type=product&#038;p=6686"},"modified":"2023-10-08T22:35:18","modified_gmt":"2023-10-08T22:35:18","slug":"esponjas-de-morphe","status":"publish","type":"product","link":"https:\/\/leurellas.com\/index.php\/product\/esponjas-de-morphe\/","title":{"rendered":"Esponjas De Morphe"},"content":{"rendered":"<h3>Esponja De Morphe<\/h3>\n<p>Conoce a tu mejor amiga para encontrar tu ritmo. Esta esponja para difuminar en forma de bala est\u00e1 hecha para una aplicaci\u00f3n sin rayas, ocultando imperfecciones y simplemente luciendo impecable (como t\u00fa). La base plana combina a la perfecci\u00f3n f\u00f3rmulas de larga duraci\u00f3n como Fluidity Full Coverage Foundation, mientras que la punta de precisi\u00f3n se adapta a las \u00e1reas dif\u00edciles de alcanzar alrededor de la nariz y los ojos. Ahora sal y mata, Morphe Babe.<\/p>\n<p>&nbsp;<\/p>\n","protected":false},"excerpt":{"rendered":"<h3 class=\"pdpHeading\" aria-hidden=\"true\">ESPONJA DE BELLEZA PARA DIFUMINAR EL CUTIS<\/h3>\n<p>Conoce a tu mejor amiga para encontrar tu ritmo. Esta esponja para difuminar en forma de bala est\u00e1 hecha para una aplicaci\u00f3n sin rayas, ocultando imperfecciones y simplemente luciendo impecable (como t\u00fa). La base plana combina a la perfecci\u00f3n f\u00f3rmulas de larga duraci\u00f3n como Fluidity Full Coverage Foundation, mientras que la punta de precisi\u00f3n se adapta a las \u00e1reas dif\u00edciles de alcanzar alrededor de la nariz y los ojos. Ahora sal y mata, Morphe Babe.<\/p>\n<p>&nbsp;<\/p>\n","protected":false},"featured_media":6687,"comment_status":"open","ping_status":"closed","template":"","meta":[],"pwb-brand":[128],"product_cat":[151,117],"product_tag":[],"brands":[{"id":128,"name":"Morphe","slug":"morphe"}],"_links":{"self":[{"href":"https:\/\/leurellas.com\/index.php\/wp-json\/wp\/v2\/product\/6686"}],"collection":[{"href":"https:\/\/leurellas.com\/index.php\/wp-json\/wp\/v2\/product"}],"about":[{"href":"https:\/\/leurellas.com\/index.php\/wp-json\/wp\/v2\/types\/product"}],"replies":[{"embeddable":true,"href":"https:\/\/leurellas.com\/index.php\/wp-json\/wp\/v2\/comments?post=6686"}],"wp:featuredmedia":[{"embeddable":true,"href":"https:\/\/leurellas.com\/index.php\/wp-json\/wp\/v2\/media\/6687"}],"wp:attachment":[{"href":"https:\/\/leurellas.com\/index.php\/wp-json\/wp\/v2\/media?parent=6686"}],"wp:term":[{"taxonomy":"pwb-brand","embeddable":true,"href":"https:\/\/leurellas.com\/index.php\/wp-json\/wp\/v2\/pwb-brand?post=6686"},{"taxonomy":"product_cat","embeddable":true,"href":"https:\/\/leurellas.com\/index.php\/wp-json\/wp\/v2\/product_cat?post=6686"},{"taxonomy":"product_tag","embeddable":true,"href":"https:\/\/leurellas.com\/index.php\/wp-json\/wp\/v2\/product_tag?post=6686"}],"curies":[{"name":"wp","href":"https:\/\/api.w.org\/{rel}","templated":true}]}}