{"id":6618,"date":"2023-10-08T13:27:04","date_gmt":"2023-10-08T13:27:04","guid":{"rendered":"https:\/\/leurellas.com\/?post_type=product&#038;p=6618"},"modified":"2023-10-08T13:33:58","modified_gmt":"2023-10-08T13:33:58","slug":"base-too-faced","status":"publish","type":"product","link":"https:\/\/leurellas.com\/index.php\/product\/base-too-faced\/","title":{"rendered":"Base Too Faced"},"content":{"rendered":"<h3>Born This Way Foundation &#8211; Fondo de maquillaje<\/h3>\n<p>Born This Way es una base sin aceite que difumina magistralmente la l\u00ednea entre el maquillaje y la piel.<\/p>\n<p>Para una cobertura tan indetectable, no puedes ver el maquillaje y no puedes ver las imperfecciones; todo lo que queda es una piel naturalmente radiante que se ve como si hubieras nacido de esta manera.<\/p>\n<p><strong>Qu\u00e9 hace:<\/strong><br \/>\nEsta base est\u00e1 impregnada de&nbsp;agua de coco&nbsp;para ayudar a reponer delicadamente las barreras de hidrataci\u00f3n de la piel sin sobrehidratarla, mientras que&nbsp;rosa alpina&nbsp;ayuda a iluminar la apariencia de la piel y promueve la elasticidad.<\/p>\n<p>\u00c1cido hialur\u00f3nico&nbsp;te ayuda a lograr una apariencia m\u00e1s suave y juvenil. La base brinda una cobertura que es indetectable para la piel que es naturalmente radiante.<\/p>\n<p><strong>Para qui\u00e9n es:<\/strong><br \/>\nCualquiera que desee una cobertura natural de media a completa y un acabado satinado.<\/p>\n<p><img decoding=\"async\" src=\"https:\/\/www.sephora.es\/on\/demandware.static\/-\/Sites-masterCatalog_Sephora\/default\/dw11ca3105\/LP\/sephora\/goodFor\/goodFor_vegan_.png?q=75\" alt=\"Certified organic - Vegan\"><\/p>\n","protected":false},"excerpt":{"rendered":"<h3>Born This Way Foundation &#8211; Fondo de maquillaje<\/h3>\n<p>Born This Way es una base sin aceite que difumina magistralmente la l\u00ednea entre el maquillaje y la piel.<\/p>\n","protected":false},"featured_media":6619,"comment_status":"open","ping_status":"closed","template":"","meta":[],"pwb-brand":[137],"product_cat":[117],"product_tag":[],"brands":[{"id":137,"name":"TOO FACED","slug":"too-faced"}],"_links":{"self":[{"href":"https:\/\/leurellas.com\/index.php\/wp-json\/wp\/v2\/product\/6618"}],"collection":[{"href":"https:\/\/leurellas.com\/index.php\/wp-json\/wp\/v2\/product"}],"about":[{"href":"https:\/\/leurellas.com\/index.php\/wp-json\/wp\/v2\/types\/product"}],"replies":[{"embeddable":true,"href":"https:\/\/leurellas.com\/index.php\/wp-json\/wp\/v2\/comments?post=6618"}],"wp:featuredmedia":[{"embeddable":true,"href":"https:\/\/leurellas.com\/index.php\/wp-json\/wp\/v2\/media\/6619"}],"wp:attachment":[{"href":"https:\/\/leurellas.com\/index.php\/wp-json\/wp\/v2\/media?parent=6618"}],"wp:term":[{"taxonomy":"pwb-brand","embeddable":true,"href":"https:\/\/leurellas.com\/index.php\/wp-json\/wp\/v2\/pwb-brand?post=6618"},{"taxonomy":"product_cat","embeddable":true,"href":"https:\/\/leurellas.com\/index.php\/wp-json\/wp\/v2\/product_cat?post=6618"},{"taxonomy":"product_tag","embeddable":true,"href":"https:\/\/leurellas.com\/index.php\/wp-json\/wp\/v2\/product_tag?post=6618"}],"curies":[{"name":"wp","href":"https:\/\/api.w.org\/{rel}","templated":true}]}}