{"id":6616,"date":"2023-10-08T13:13:40","date_gmt":"2023-10-08T13:13:40","guid":{"rendered":"https:\/\/leurellas.com\/?post_type=product&#038;p=6616"},"modified":"2023-10-08T13:16:06","modified_gmt":"2023-10-08T13:16:06","slug":"caro-white-set","status":"publish","type":"product","link":"https:\/\/leurellas.com\/index.php\/product\/caro-white-set\/","title":{"rendered":"Caro White Set"},"content":{"rendered":"<h3>Caro White Set<\/h3>\n<p><span style=\"font-family: georgia, palatino;\">Los beneficios de&nbsp;<strong>Caro White Set 3:<\/strong><\/span><\/p>\n<ul>\n<li id=\"bundle-v2-btf-component-bullet-point-1-2\"><span style=\"font-family: georgia, palatino;\"><em><span class=\"a-list-item\">Esta crema rica en nutrientes se mezcla con aceite de zanahoria puro.<\/span><\/em><\/span><\/li>\n<li><span style=\"font-family: georgia, palatino;\"><em><span class=\"a-list-item\">Extractos de semilla de zanahoria<\/span><\/em><\/span><\/li>\n<li><span style=\"font-family: georgia, palatino;\"><em><span class=\"a-list-item\">Justo e hidratado al sol.<\/span><\/em><\/span><\/li>\n<li id=\"bundle-v2-btf-component-bullet-point-1-3\"><span style=\"font-family: georgia, palatino;\"><em>Sus componentes y principios activos est\u00e1n dise\u00f1ados espec\u00edficamente para nutrir en profundidad tu piel, protegerla y darte una sensaci\u00f3n de bienestar.<\/em><\/span><\/li>\n<li><span style=\"font-family: georgia, palatino;\"><em>Ayuda a eliminar el exceso de grasa y suciedad de la piel. Atrae la suciedad y los aceites y permite que se enjuaguen de la piel<\/em><\/span><\/li>\n<li><span style=\"font-family: georgia, palatino;\"><em>Protege la barrera natural de la piel contra la p\u00e9rdida de agua y ayuda a mantener la barrera protectora de la piel.<\/em><\/span><\/li>\n<li id=\"bundle-v2-btf-component-bullet-point-1-4\"><span style=\"font-family: georgia, palatino;\"><em><span class=\"a-list-item\">Tipo de piel: Apto para todo tipo de pieles<\/span><\/em><\/span><\/li>\n<\/ul>\n<h3><span style=\"font-family: georgia, palatino;\"><strong>Ingredientes comunes<span class=\"a-list-item\">:<\/span><\/strong><\/span><\/h3>\n<p><span style=\"font-family: georgia, palatino;\">Vaselina, Aceite mineral, \u00c1cido este\u00e1rico, Alcohol cetear\u00edlico, Miristato de isopropilo,&nbsp;<a href=\"https:\/\/www.webmd.com\/drugs\/2\/drug-20275\/glycerin-topical\/details\">Glicerina<\/a>, Metilo y Propilparabenos, huile de carotte, Vit. E (0,2%), Hidroquinona 2%, Aqua, Fragancia<\/span><\/p>\n<h4><span style=\"font-family: georgia, palatino;\"><strong>Objetos del Set 3 de Caro White:<\/strong><\/span><\/h4>\n<ul>\n<li><span style=\"font-family: georgia, palatino;\"><a href=\"https:\/\/www.orderbeautysupply.com\/product\/caro-white-lotion-500ml\/\"><em><strong>Loci\u00f3n Blanca Caro<\/strong><\/em><\/a><\/span><\/li>\n<li><span style=\"font-family: georgia, palatino;\"><em><strong>Caro Crema Blanca 16.9oz<\/strong><\/em><\/span><\/li>\n<li><span style=\"font-family: georgia, palatino;\"><a href=\"https:\/\/www.orderbeautysupply.com\/product\/caro-white-soap-100g\/\"><em><strong>Jab\u00f3n Blanco Caro 6.3oz<\/strong><\/em><\/a><\/span><\/li>\n<\/ul>\n","protected":false},"excerpt":{"rendered":"<h3 class=\"product_title entry-title\">Caro White Set-3 (Lotion + Cream 16.9oz + Soap 6.3oz)<\/h3>\n<ul>\n<li><span class=\"a-list-item\" style=\"font-family: helvetica;\"><em>Hidrata la piel seca<\/em>&nbsp;con un bloqueo de humedad de 24 horas<\/span><\/li>\n<li><span class=\"a-list-item\" style=\"font-family: helvetica;\">Se extiende<em>&nbsp;f\u00e1cil y se absorbe al instante<\/em><\/span><\/li>\n<li><span class=\"a-list-item\" style=\"font-family: helvetica;\">Deja&nbsp;<em>la piel suave, con un brillo fresco y no graso<\/em><\/span><\/li>\n<li><span style=\"font-family: helvetica;\"><em><span class=\"a-list-item\">Apto para todo tipo de pieles.<\/span><\/em><\/span><\/li>\n<\/ul>\n","protected":false},"featured_media":6617,"comment_status":"open","ping_status":"closed","template":"","meta":[],"pwb-brand":[136],"product_cat":[135],"product_tag":[],"brands":[{"id":136,"name":"Caro White","slug":"caro-white"}],"_links":{"self":[{"href":"https:\/\/leurellas.com\/index.php\/wp-json\/wp\/v2\/product\/6616"}],"collection":[{"href":"https:\/\/leurellas.com\/index.php\/wp-json\/wp\/v2\/product"}],"about":[{"href":"https:\/\/leurellas.com\/index.php\/wp-json\/wp\/v2\/types\/product"}],"replies":[{"embeddable":true,"href":"https:\/\/leurellas.com\/index.php\/wp-json\/wp\/v2\/comments?post=6616"}],"wp:featuredmedia":[{"embeddable":true,"href":"https:\/\/leurellas.com\/index.php\/wp-json\/wp\/v2\/media\/6617"}],"wp:attachment":[{"href":"https:\/\/leurellas.com\/index.php\/wp-json\/wp\/v2\/media?parent=6616"}],"wp:term":[{"taxonomy":"pwb-brand","embeddable":true,"href":"https:\/\/leurellas.com\/index.php\/wp-json\/wp\/v2\/pwb-brand?post=6616"},{"taxonomy":"product_cat","embeddable":true,"href":"https:\/\/leurellas.com\/index.php\/wp-json\/wp\/v2\/product_cat?post=6616"},{"taxonomy":"product_tag","embeddable":true,"href":"https:\/\/leurellas.com\/index.php\/wp-json\/wp\/v2\/product_tag?post=6616"}],"curies":[{"name":"wp","href":"https:\/\/api.w.org\/{rel}","templated":true}]}}