{"id":6608,"date":"2023-10-08T11:47:37","date_gmt":"2023-10-08T11:47:37","guid":{"rendered":"https:\/\/leurellas.com\/?post_type=product&#038;p=6608"},"modified":"2023-10-08T11:47:37","modified_gmt":"2023-10-08T11:47:37","slug":"setting-spray-meron","status":"publish","type":"product","link":"https:\/\/leurellas.com\/index.php\/product\/setting-spray-meron\/","title":{"rendered":"Setting Spray Meron"},"content":{"rendered":"<h3>Setting Spray Meron<\/h3>\n<p>Mehron&#8217;s Barrier Spray\u2122 es un spray profesional de preparaci\u00f3n y fijaci\u00f3n para mantener el maquillaje en su lugar, \u00a1sin necesidad de retoques! Barrier Spray sella tu maquillaje para usarlo durante todo el d\u00eda sin desvanecerse ni mancharse. \u00a1Perfecto para artistas que trabajan bajo luces de escenario calientes, cosplays durante todo el d\u00eda, mantener el maquillaje nupcial perfecto y m\u00e1s!<\/p>\n<ul>\n<li>Use Barrier Spray antes de la aplicaci\u00f3n del maquillaje para proteger la piel del maquillaje pesado y crear una barrera de humedad que prolongue la duraci\u00f3n del maquillaje.<\/li>\n<li>Use Barrier Spray despu\u00e9s de la aplicaci\u00f3n del maquillaje como sello final para fijar el maquillaje en su lugar haci\u00e9ndolo duradero, resistente al agua y a prueba de transferencias.<\/li>\n<\/ul>\n","protected":false},"excerpt":{"rendered":"<h3>Setting Spray Meron<\/h3>\n<p>Mehron&#8217;s Barrier Spray\u2122 es un spray profesional de preparaci\u00f3n y fijaci\u00f3n para mantener el maquillaje en su lugar, \u00a1sin necesidad de retoques! Barrier Spray sella tu maquillaje para usarlo durante todo el d\u00eda sin desvanecerse ni mancharse<\/p>\n","protected":false},"featured_media":6609,"comment_status":"open","ping_status":"closed","template":"","meta":[],"pwb-brand":[134],"product_cat":[117],"product_tag":[],"brands":[{"id":134,"name":"Mehron","slug":"mehron"}],"_links":{"self":[{"href":"https:\/\/leurellas.com\/index.php\/wp-json\/wp\/v2\/product\/6608"}],"collection":[{"href":"https:\/\/leurellas.com\/index.php\/wp-json\/wp\/v2\/product"}],"about":[{"href":"https:\/\/leurellas.com\/index.php\/wp-json\/wp\/v2\/types\/product"}],"replies":[{"embeddable":true,"href":"https:\/\/leurellas.com\/index.php\/wp-json\/wp\/v2\/comments?post=6608"}],"wp:featuredmedia":[{"embeddable":true,"href":"https:\/\/leurellas.com\/index.php\/wp-json\/wp\/v2\/media\/6609"}],"wp:attachment":[{"href":"https:\/\/leurellas.com\/index.php\/wp-json\/wp\/v2\/media?parent=6608"}],"wp:term":[{"taxonomy":"pwb-brand","embeddable":true,"href":"https:\/\/leurellas.com\/index.php\/wp-json\/wp\/v2\/pwb-brand?post=6608"},{"taxonomy":"product_cat","embeddable":true,"href":"https:\/\/leurellas.com\/index.php\/wp-json\/wp\/v2\/product_cat?post=6608"},{"taxonomy":"product_tag","embeddable":true,"href":"https:\/\/leurellas.com\/index.php\/wp-json\/wp\/v2\/product_tag?post=6608"}],"curies":[{"name":"wp","href":"https:\/\/api.w.org\/{rel}","templated":true}]}}