{"id":6565,"date":"2023-10-07T17:42:33","date_gmt":"2023-10-07T17:42:33","guid":{"rendered":"https:\/\/leurellas.com\/?post_type=product&#038;p=6565"},"modified":"2023-10-07T20:36:10","modified_gmt":"2023-10-07T20:36:10","slug":"refrescante-prolux","status":"publish","type":"product","link":"https:\/\/leurellas.com\/index.php\/product\/refrescante-prolux\/","title":{"rendered":"Refrescante Prolux"},"content":{"rendered":"<h3>Refrescante Prolux<\/h3>\n<p>Presentamos el Prolux Make Up Setting Spray, \u00a1tu secreto definitivo para mantener tu maquillaje en su lugar durante todo el d\u00eda y la noche! Este spray fijador no es una niebla normal; Es una bruma facial refrescante que te dejar\u00e1 sinti\u00e9ndote renovado con cada rociada. Experimenta el poder de este spray fijador mientras fija tu maquillaje, asegurando un acabado impecable y duradero. Vuelva a aplicar a lo largo del d\u00eda seg\u00fan lo desee para mantener su aspecto impecable.<\/p>\n<p>Caracter\u00edsticas principales:<\/p>\n<p>Uso prolongado del maquillaje: El spray fijador de maquillaje Prolux est\u00e1 especialmente formulado para mantener el maquillaje en su lugar durante todo el d\u00eda y la noche, evitando que se corra, se desvanezca y se arrugue.<\/p>\n<p>Bruma facial refrescante: este spray fijador ofrece una sensaci\u00f3n refrescante y refrescante con cada aplicaci\u00f3n, dej\u00e1ndote con una sensaci\u00f3n rejuvenecida y revitalizada.<\/p>\n<p>Acabado impecable: Experimenta un acabado impecable y natural con tu maquillaje, gracias a la capacidad del spray fijador para fijar tu look en su lugar sin pesadez ni sensaci\u00f3n de apelmazamiento.<\/p>\n<p>F\u00e1cil de usar: Simplemente roc\u00ede el spray fijador sobre su maquillaje para fijarlo en su lugar, lo que le permite lograr resultados de aspecto profesional con el m\u00ednimo esfuerzo.<\/p>\n<p>Apto para todo tipo de pieles: El spray fijador es adecuado para todo tipo de pieles, incluidas las pieles sensibles, lo que garantiza que todos puedan disfrutar de sus beneficios.<\/p>\n<p>Hidratante y refrescante: El spray fijador de maquillaje Prolux no solo retiene el maquillaje, sino que tambi\u00e9n proporciona un impulso de hidrataci\u00f3n y frescura a la piel.<\/p>\n<p>Port\u00e1til y conveniente: el dise\u00f1o compacto y f\u00e1cil de viajar del spray fijador hace que sea f\u00e1cil de llevar en su bolso o bolsa de maquillaje para retoques r\u00e1pidos sobre la marcha.<\/p>\n<p>Rendimiento duradero: experimente los efectos duraderos del spray fijador, lo que le permite lucir fresco e impecable durante todo el d\u00eda y la noche.<\/p>\n<p>Descubre el secreto de un look de maquillaje impecable y duradero con el spray fijador de maquillaje Prolux. Aprovecha los beneficios refrescantes y refrescantes de esta bruma facial, ya que mantiene tu maquillaje en su lugar durante horas. \u00a1Agr\u00e9guelo a su carrito ahora y experimente la confianza de un look impecable que dura todo el d\u00eda y la noche!<\/p>\n","protected":false},"excerpt":{"rendered":"<h3>Refrescante Prolux<\/h3>\n<p>&nbsp;Aprovecha los beneficios refrescantes y refrescantes de esta bruma facial, ya que mantiene tu maquillaje en su lugar durante horas.<\/p>\n","protected":false},"featured_media":6566,"comment_status":"open","ping_status":"closed","template":"","meta":[],"pwb-brand":[125],"product_cat":[117],"product_tag":[],"brands":[{"id":125,"name":"Prolux","slug":"prolux"}],"_links":{"self":[{"href":"https:\/\/leurellas.com\/index.php\/wp-json\/wp\/v2\/product\/6565"}],"collection":[{"href":"https:\/\/leurellas.com\/index.php\/wp-json\/wp\/v2\/product"}],"about":[{"href":"https:\/\/leurellas.com\/index.php\/wp-json\/wp\/v2\/types\/product"}],"replies":[{"embeddable":true,"href":"https:\/\/leurellas.com\/index.php\/wp-json\/wp\/v2\/comments?post=6565"}],"wp:featuredmedia":[{"embeddable":true,"href":"https:\/\/leurellas.com\/index.php\/wp-json\/wp\/v2\/media\/6566"}],"wp:attachment":[{"href":"https:\/\/leurellas.com\/index.php\/wp-json\/wp\/v2\/media?parent=6565"}],"wp:term":[{"taxonomy":"pwb-brand","embeddable":true,"href":"https:\/\/leurellas.com\/index.php\/wp-json\/wp\/v2\/pwb-brand?post=6565"},{"taxonomy":"product_cat","embeddable":true,"href":"https:\/\/leurellas.com\/index.php\/wp-json\/wp\/v2\/product_cat?post=6565"},{"taxonomy":"product_tag","embeddable":true,"href":"https:\/\/leurellas.com\/index.php\/wp-json\/wp\/v2\/product_tag?post=6565"}],"curies":[{"name":"wp","href":"https:\/\/api.w.org\/{rel}","templated":true}]}}