{"id":6315,"date":"2023-08-21T23:49:36","date_gmt":"2023-08-21T23:49:36","guid":{"rendered":"https:\/\/leurellas.com\/?post_type=product&#038;p=6315"},"modified":"2023-08-23T23:26:16","modified_gmt":"2023-08-23T23:26:16","slug":"deliniador-italia","status":"publish","type":"product","link":"https:\/\/leurellas.com\/index.php\/product\/deliniador-italia\/","title":{"rendered":"Deliniador Italia"},"content":{"rendered":"<h3><strong>Deliniador Italia<\/strong><\/h3>\n<p>Delineador de ojos l\u00edquido impermeable: obt\u00e9n el aspecto perfecto de ojo de gato de larga duraci\u00f3n con el delineador de ojos Italia.<br \/>\nPunta precisa: nuestra punta ultra precisa es flexible y f\u00e1cil de usar. Cada trazo es incre\u00edblemente fluido para un acabado definido. Controla el grosor de tus l\u00edneas presionando solo un toque. Fino y natural, amplio y atrevido, el aspecto siempre depende de ti.<\/p>\n<p><a href=\"https:\/\/leurellas.com\/wp-content\/uploads\/2023\/08\/italiadeluxe-marca.webp\"><img fetchpriority=\"high\" decoding=\"async\" class=\"alignnone size-medium wp-image-6320\" src=\"https:\/\/leurellas.com\/wp-content\/uploads\/2023\/08\/italiadeluxe-marca-333x333.webp\" alt=\"\" width=\"333\" height=\"333\" \/><\/a><\/p>\n","protected":false},"excerpt":{"rendered":"<h3><strong>Deliniador Italia<\/strong><\/h3>\n<table class=\"a-normal a-spacing-micro\">\n<tbody>\n<tr class=\"a-spacing-small po-brand\">\n<td class=\"a-span3\"><span class=\"a-size-base a-text-bold\">Marca<\/span><\/td>\n<td class=\"a-span9\"><span class=\"a-size-base po-break-word\">Italia<\/span><\/td>\n<\/tr>\n<tr class=\"a-spacing-small po-item_form\">\n<td class=\"a-span3\"><span class=\"a-size-base a-text-bold\">Forma del art\u00edculo<\/span><\/td>\n<td class=\"a-span9\"><span class=\"a-size-base po-break-word\">Gel<\/span><\/td>\n<\/tr>\n<tr class=\"a-spacing-small po-special_feature\">\n<td class=\"a-span3\"><span class=\"a-size-base a-text-bold\">Caracter\u00edsticas especiales<\/span><\/td>\n<td class=\"a-span9\"><span class=\"a-size-base po-break-word\">Waterproof<\/span><\/td>\n<\/tr>\n<tr class=\"a-spacing-small po-product_benefit\">\n<td class=\"a-span3\"><span class=\"a-size-base a-text-bold\">Beneficios del producto<\/span><\/td>\n<td class=\"a-span9\"><span class=\"a-size-base po-break-word\">Waterproof<\/span><\/td>\n<\/tr>\n<tr class=\"a-spacing-small po-number_of_items\">\n<td class=\"a-span3\"><span class=\"a-size-base a-text-bold\">N\u00famero de art\u00edculos<\/span><\/td>\n<td class=\"a-span9\"><span class=\"a-size-base po-break-word\">1<\/span><\/td>\n<\/tr>\n<\/tbody>\n<\/table>\n","protected":false},"featured_media":6316,"comment_status":"open","ping_status":"closed","template":"","meta":[],"pwb-brand":[107],"product_cat":[15],"product_tag":[],"brands":[{"id":107,"name":"Italia","slug":"italia"}],"_links":{"self":[{"href":"https:\/\/leurellas.com\/index.php\/wp-json\/wp\/v2\/product\/6315"}],"collection":[{"href":"https:\/\/leurellas.com\/index.php\/wp-json\/wp\/v2\/product"}],"about":[{"href":"https:\/\/leurellas.com\/index.php\/wp-json\/wp\/v2\/types\/product"}],"replies":[{"embeddable":true,"href":"https:\/\/leurellas.com\/index.php\/wp-json\/wp\/v2\/comments?post=6315"}],"wp:featuredmedia":[{"embeddable":true,"href":"https:\/\/leurellas.com\/index.php\/wp-json\/wp\/v2\/media\/6316"}],"wp:attachment":[{"href":"https:\/\/leurellas.com\/index.php\/wp-json\/wp\/v2\/media?parent=6315"}],"wp:term":[{"taxonomy":"pwb-brand","embeddable":true,"href":"https:\/\/leurellas.com\/index.php\/wp-json\/wp\/v2\/pwb-brand?post=6315"},{"taxonomy":"product_cat","embeddable":true,"href":"https:\/\/leurellas.com\/index.php\/wp-json\/wp\/v2\/product_cat?post=6315"},{"taxonomy":"product_tag","embeddable":true,"href":"https:\/\/leurellas.com\/index.php\/wp-json\/wp\/v2\/product_tag?post=6315"}],"curies":[{"name":"wp","href":"https:\/\/api.w.org\/{rel}","templated":true}]}}