{"id":6291,"date":"2023-08-21T21:39:59","date_gmt":"2023-08-21T21:39:59","guid":{"rendered":"https:\/\/leurellas.com\/?post_type=product&#038;p=6291"},"modified":"2023-10-08T21:29:39","modified_gmt":"2023-10-08T21:29:39","slug":"esponja-ishell","status":"publish","type":"product","link":"https:\/\/leurellas.com\/index.php\/product\/esponja-ishell\/","title":{"rendered":"Esponja Ishell"},"content":{"rendered":"<h3><strong>Esponja Ishell<\/strong><\/h3>\n<p>Master Beauty Blender, la mejor esponja de maquillaje s\u00faper suave, puedes usarla h\u00fameda o seca al mojarla triplica su tama\u00f1o.<\/p>\n<p><a href=\"https:\/\/leurellas.com\/wp-content\/uploads\/2023\/08\/Logo_ishel_Cosmetics.1_1280x-removebg-preview.png\"><img fetchpriority=\"high\" decoding=\"async\" class=\"alignnone size-medium wp-image-6281\" src=\"https:\/\/leurellas.com\/wp-content\/uploads\/2023\/08\/Logo_ishel_Cosmetics.1_1280x-removebg-preview-333x333.png\" alt=\"\" width=\"333\" height=\"333\" \/><\/a><\/p>\n","protected":false},"excerpt":{"rendered":"<h3><strong>Esponja Ishell<\/strong><\/h3>\n<p>Master Beauty Blender, la mejor esponja de maquillaje s\u00faper suave, puedes usarla h\u00fameda o seca al mojarla triplica su tama\u00f1o.<\/p>\n<p>&nbsp;<\/p>\n","protected":false},"featured_media":6296,"comment_status":"open","ping_status":"closed","template":"","meta":[],"pwb-brand":[114],"product_cat":[15,151],"product_tag":[],"brands":[{"id":114,"name":"Ishell","slug":"ishell"}],"_links":{"self":[{"href":"https:\/\/leurellas.com\/index.php\/wp-json\/wp\/v2\/product\/6291"}],"collection":[{"href":"https:\/\/leurellas.com\/index.php\/wp-json\/wp\/v2\/product"}],"about":[{"href":"https:\/\/leurellas.com\/index.php\/wp-json\/wp\/v2\/types\/product"}],"replies":[{"embeddable":true,"href":"https:\/\/leurellas.com\/index.php\/wp-json\/wp\/v2\/comments?post=6291"}],"wp:featuredmedia":[{"embeddable":true,"href":"https:\/\/leurellas.com\/index.php\/wp-json\/wp\/v2\/media\/6296"}],"wp:attachment":[{"href":"https:\/\/leurellas.com\/index.php\/wp-json\/wp\/v2\/media?parent=6291"}],"wp:term":[{"taxonomy":"pwb-brand","embeddable":true,"href":"https:\/\/leurellas.com\/index.php\/wp-json\/wp\/v2\/pwb-brand?post=6291"},{"taxonomy":"product_cat","embeddable":true,"href":"https:\/\/leurellas.com\/index.php\/wp-json\/wp\/v2\/product_cat?post=6291"},{"taxonomy":"product_tag","embeddable":true,"href":"https:\/\/leurellas.com\/index.php\/wp-json\/wp\/v2\/product_tag?post=6291"}],"curies":[{"name":"wp","href":"https:\/\/api.w.org\/{rel}","templated":true}]}}