{"id":6243,"date":"2023-08-20T18:08:28","date_gmt":"2023-08-20T18:08:28","guid":{"rendered":"https:\/\/leurellas.com\/?post_type=product&#038;p=6243"},"modified":"2023-08-23T23:20:24","modified_gmt":"2023-08-23T23:20:24","slug":"mascara-maybelline","status":"publish","type":"product","link":"https:\/\/leurellas.com\/index.php\/product\/mascara-maybelline\/","title":{"rendered":"Mascara Maybelline"},"content":{"rendered":"<h3 id=\"title\" class=\"a-size-large a-spacing-none\"><span id=\"productTitle\" class=\"a-size-large product-title-word-break\">Maybelline New York Lash Sensational &#8211; M\u00e1scara de pesta\u00f1as lavable<\/span><\/h3>\n<div id=\"productDescription_feature_div\" class=\"celwidget\" data-feature-name=\"productDescription\" data-csa-c-type=\"widget\" data-csa-c-content-id=\"productDescription\" data-csa-c-slot-id=\"productDescription_feature_div\" data-csa-c-asin=\"\" data-csa-c-is-in-initial-active-row=\"false\" data-csa-c-id=\"5uoory-bc90qx-b2d8st-oaup8w\" data-cel-widget=\"productDescription_feature_div\">\n<div>\n<div id=\"productDescription_feature_div\" class=\"a-row feature\" data-feature-name=\"productDescription\" data-template-name=\"productDescription\" data-cel-widget=\"productDescription_feature_div\">\n<div id=\"productDescription\" class=\"a-section a-spacing-small\">\n<p>Pesta\u00f1as sensacionales, para un efecto de fan completo. Las pesta\u00f1as se vuelven flexibles, separadas y totalmente ventiladas. Ahora impregnada con aceite acondicionador de rosa mosqueta y pigmentos minerales, esta m\u00e1scara favorita de culto ofrece pesta\u00f1as gruesas que nunca se sienten pesadas. El exclusivo cepillo de r\u00edmel de Maybelline con diez capas de cerdas revela capas de pesta\u00f1as, a\u00f1adiendo el aspecto de longitud y volumen sin aglomerarse. La f\u00f3rmula l\u00edquida fresca captura las pesta\u00f1as desde la ra\u00edz hasta la punta para un volumen ventilado. Ahora disponible en un nuevo tono lavable: negro medianoche. Probado por oftalm\u00f3logos. Adecuado para usuarios de lentes de contacto. Probado por oftalm\u00f3logos.<\/p>\n<p><a href=\"https:\/\/leurellas.com\/wp-content\/uploads\/2023\/08\/dae21606-b875-4916-a704-93d44fd43bbd.__CR001464600_PT0_SX1464_V1___.jpg\"><img fetchpriority=\"high\" decoding=\"async\" class=\"alignnone size-medium wp-image-6246\" src=\"https:\/\/leurellas.com\/wp-content\/uploads\/2023\/08\/dae21606-b875-4916-a704-93d44fd43bbd.__CR001464600_PT0_SX1464_V1___-555x227.jpg\" alt=\"\" width=\"555\" height=\"227\" \/><\/a><\/p>\n<\/div>\n<\/div>\n<\/div>\n<\/div>\n<div id=\"detailBulletsWithExceptions_feature_div\" class=\"celwidget\" data-feature-name=\"detailBulletsWithExceptions_feature_V2\" data-csa-c-type=\"widget\" data-csa-c-content-id=\"detailBulletsWithExceptions_feature_V2\" data-csa-c-slot-id=\"detailBulletsWithExceptions_feature_div\" data-csa-c-asin=\"\" data-csa-c-is-in-initial-active-row=\"false\" data-csa-c-id=\"zd4nq7-avtbtr-9vzaiy-9urwkz\" data-cel-widget=\"detailBulletsWithExceptions_feature_div\">\n<div id=\"detailBulletsWrapper_feature_div\" class=\"a-section feature detail-bullets-wrapper bucket\" data-feature-name=\"detailBullets\" data-template-name=\"detailBullets\" data-cel-widget=\"detailBulletsWrapper_feature_div\"><\/div>\n<\/div>\n","protected":false},"excerpt":{"rendered":"<h3 id=\"title\" class=\"a-size-large a-spacing-none\"><span id=\"productTitle\" class=\"a-size-large product-title-word-break\">Maybelline New York Lash Sensational<\/span><\/h3>\n<table class=\"a-normal a-spacing-micro\">\n<tbody>\n<tr class=\"a-spacing-small po-color\">\n<td class=\"a-span3\"><span class=\"a-size-base a-text-bold\">Color<\/span><\/td>\n<td class=\"a-span9\"><span class=\"a-size-base po-break-word\">Lavable negro medianoche.<\/span><\/td>\n<\/tr>\n<tr class=\"a-spacing-small po-product_benefit\">\n<td class=\"a-span3\"><span class=\"a-size-base a-text-bold\">Beneficios del producto<\/span><\/td>\n<td class=\"a-span9\"><span class=\"a-size-base po-break-word\">Voluminizador<\/span><\/td>\n<\/tr>\n<tr class=\"a-spacing-small po-special_feature\">\n<td class=\"a-span3\"><span class=\"a-size-base a-text-bold\">Caracter\u00edsticas especiales<\/span><\/td>\n<td class=\"a-span9\"><span class=\"a-size-base po-break-word\">No aplicable.<\/span><\/td>\n<\/tr>\n<tr class=\"a-spacing-small po-brand\">\n<td class=\"a-span3\"><span class=\"a-size-base a-text-bold\">Marca<\/span><\/td>\n<td class=\"a-span9\"><span class=\"a-size-base po-break-word\">MAYBELLINE<\/span><\/td>\n<\/tr>\n<tr class=\"a-spacing-small po-item_form\">\n<td class=\"a-span3\"><span class=\"a-size-base a-text-bold\">Forma del art\u00edculo<\/span><\/td>\n<td class=\"a-span9\"><span class=\"a-size-base po-break-word\">L\u00edquido<\/span><\/td>\n<\/tr>\n<\/tbody>\n<\/table>\n","protected":false},"featured_media":6245,"comment_status":"open","ping_status":"closed","template":"","meta":[],"pwb-brand":[105],"product_cat":[15],"product_tag":[],"brands":[{"id":105,"name":"Maybelline","slug":"maybelline"}],"_links":{"self":[{"href":"https:\/\/leurellas.com\/index.php\/wp-json\/wp\/v2\/product\/6243"}],"collection":[{"href":"https:\/\/leurellas.com\/index.php\/wp-json\/wp\/v2\/product"}],"about":[{"href":"https:\/\/leurellas.com\/index.php\/wp-json\/wp\/v2\/types\/product"}],"replies":[{"embeddable":true,"href":"https:\/\/leurellas.com\/index.php\/wp-json\/wp\/v2\/comments?post=6243"}],"wp:featuredmedia":[{"embeddable":true,"href":"https:\/\/leurellas.com\/index.php\/wp-json\/wp\/v2\/media\/6245"}],"wp:attachment":[{"href":"https:\/\/leurellas.com\/index.php\/wp-json\/wp\/v2\/media?parent=6243"}],"wp:term":[{"taxonomy":"pwb-brand","embeddable":true,"href":"https:\/\/leurellas.com\/index.php\/wp-json\/wp\/v2\/pwb-brand?post=6243"},{"taxonomy":"product_cat","embeddable":true,"href":"https:\/\/leurellas.com\/index.php\/wp-json\/wp\/v2\/product_cat?post=6243"},{"taxonomy":"product_tag","embeddable":true,"href":"https:\/\/leurellas.com\/index.php\/wp-json\/wp\/v2\/product_tag?post=6243"}],"curies":[{"name":"wp","href":"https:\/\/api.w.org\/{rel}","templated":true}]}}