{"id":6238,"date":"2023-08-20T17:38:27","date_gmt":"2023-08-20T17:38:27","guid":{"rendered":"https:\/\/leurellas.com\/?post_type=product&#038;p=6238"},"modified":"2025-04-12T10:38:40","modified_gmt":"2025-04-12T10:38:40","slug":"lapiz-de-cejas-maybelline","status":"publish","type":"product","link":"https:\/\/leurellas.com\/index.php\/product\/lapiz-de-cejas-maybelline\/","title":{"rendered":"Lapiz De Cejas Maybelline"},"content":{"rendered":"<h3><strong>Lapiz De Cejas Maybelline<\/strong><\/h3>\n<p>El L\u00e1piz de Cejas Tattoo Brow 36HR te aporta la facilidad de un l\u00e1piz y la duraci\u00f3n de Tattoo. Consigue unas cejas rellenas y naturales hasta 36 horas de duraci\u00f3n.<\/p>\n","protected":false},"excerpt":{"rendered":"<h3>TATTOOSTUDIO<\/h3>\n<p>El L\u00e1piz de Cejas Tattoo Brow 36HR te aporta la facilidad de un l\u00e1piz y la duraci\u00f3n de Tattoo. Consigue unas cejas rellenas y naturales hasta 36 horas de duraci\u00f3n.<\/p>\n","protected":false},"featured_media":6242,"comment_status":"open","ping_status":"closed","template":"","meta":[],"pwb-brand":[105],"product_cat":[15],"product_tag":[],"brands":[{"id":105,"name":"Maybelline","slug":"maybelline"}],"_links":{"self":[{"href":"https:\/\/leurellas.com\/index.php\/wp-json\/wp\/v2\/product\/6238"}],"collection":[{"href":"https:\/\/leurellas.com\/index.php\/wp-json\/wp\/v2\/product"}],"about":[{"href":"https:\/\/leurellas.com\/index.php\/wp-json\/wp\/v2\/types\/product"}],"replies":[{"embeddable":true,"href":"https:\/\/leurellas.com\/index.php\/wp-json\/wp\/v2\/comments?post=6238"}],"wp:featuredmedia":[{"embeddable":true,"href":"https:\/\/leurellas.com\/index.php\/wp-json\/wp\/v2\/media\/6242"}],"wp:attachment":[{"href":"https:\/\/leurellas.com\/index.php\/wp-json\/wp\/v2\/media?parent=6238"}],"wp:term":[{"taxonomy":"pwb-brand","embeddable":true,"href":"https:\/\/leurellas.com\/index.php\/wp-json\/wp\/v2\/pwb-brand?post=6238"},{"taxonomy":"product_cat","embeddable":true,"href":"https:\/\/leurellas.com\/index.php\/wp-json\/wp\/v2\/product_cat?post=6238"},{"taxonomy":"product_tag","embeddable":true,"href":"https:\/\/leurellas.com\/index.php\/wp-json\/wp\/v2\/product_tag?post=6238"}],"curies":[{"name":"wp","href":"https:\/\/api.w.org\/{rel}","templated":true}]}}